. Let a be k(-2). Suppose a*w + 608 = 13*w. What is the greatest common factor of w and 19?
19
Suppose -6*b + 14 = b. Suppose -2*i + w = b*i - 417, 0 = -4*i + 2*w + 414. What is the highest common factor of 15 and i?
15
Let t be (-91)/13 - -2*2. Let p be 8 - -5*t/15. What is the highest common divisor of 7 and p?
7
Let v be 6/4*(-16)/(-6). Let f be v/(1*1/1). Suppose 3*w + 41 = 4*g, -f*w = g - 19 + 4. What is the highest common factor of 1 and g?
1
Suppose -60*l + 132*l - 12096 = 0. Calculate the greatest common divisor of l and 16.
8
Let h = 1719 + -182. Calculate the highest common factor of h and 29.
29
Let s(j) = 0*j**2 + 2*j**2 - 20450 + 5*j + 20459. Suppose -25 = 5*l + z - 2*z, -z = 5. Let b be s(l). Calculate the highest common divisor of 17 and b.
17
Let f = 11 - -52. Suppose 0 = 5*b - f - 137. Suppose -3*c = -5*c + b. What is the highest common factor of 30 and c?
10
Let y(h) = h + 18. Let t = 22 - 55. Let r = t + 47. Let s be y(r). What is the highest common factor of s and 16?
16
Let p be (-34)/7*14/(-4). What is the greatest common divisor of 85 and p?
17
Suppose 3*t + 176 = -4*a - 15, 0 = -3*a + t - 153. Let m = -46 - a. Calculate the greatest common divisor of 8 and m.
4
Suppose 6*u + 100 = 2*u. Let k be (-1)/5 - (-4 - (-30)/u). What is the highest common divisor of k and 45?
5
Let w(n) = 29*n**3 + 2*n**2 - n - 2. Let h be w(1). Calculate the greatest common divisor of 70 and h.
14
Let s = -2 - -4. Let u = -117 + 145. Suppose u = s*a - 6. What is the greatest common factor of a and 85?
17
Let y(m) = 16*m**3 + 2*m**2 - 1. Let o be y(1). Let g = -14 + o. Suppose -9 = -4*b - x + 26, b - g*x + 1 = 0. Calculate the highest common divisor of 20 and b.
4
Suppose 3699 - 1291 = 7*j. Calculate the greatest common factor of 43 and j.
43
Suppose -5*m + 20 = -0*m, 4*m + 86 = 2*f. Calculate the greatest common factor of 204 and f.
51
Let b be 6/15 + 8/5. Suppose b*o + 9 = o. Let k be (-237)/o + 1/(-3). Calculate the highest common divisor of 104 and k.
26
Let p(k) = k**2 + 15*k - 14. Let c be p(-16). Suppose 0 = -c*g + 4 - 14, 2*j - g = 23. Calculate the greatest common divisor of 63 and j.
9
Let s be 3 + 0 + -1 - 2. Let w be 0/(2 - 1 - s). Suppose w*c = -4*c + 32. What is the greatest common divisor of c and 64?
8
Suppose 100 = 3*b - 521. Calculate the greatest common factor of b and 23.
23
Let i(t) = -t**2 + 8*t - 7. Let a be i(7). Let k(l) = 2*l**3 - l**2 + 80. Let b be k(a). What is the greatest common factor of 10 and b?
10
Suppose 5*z = -3*x + 1213, z - 6 - 239 = -3*x. Calculate the greatest common factor of 352 and z.
22
Suppose 14*k - 465 = 165. What is the highest common divisor of k and 315?
45
Let b(c) = -c + 20. Let q be b(6). Calculate the greatest common factor of 6 and q.
2
Let h = -2 + -12. Let o be (-4)/((-1)/(h/(-4))). Let k = -3989 - -4115. What is the greatest common divisor of k and o?
14
Suppose -53*d - 54 = -71*d. What is the highest common divisor of d and 6?
3
Let w = 33 + -28. Let x = -5 - -4. Let z be 11*(x + w)/4. Calculate the highest common factor of z and 22.
11
Let p be (2 + -3)*(-17)/((-187)/(-308)). Let k = -22 - -34. What is the greatest common divisor of k and p?
4
Let z(p) = p**2 + 9*p + 7. Let h be z(8). Calculate the greatest common factor of h and 26.
13
Let x be ((-4)/(-10))/((-4)/(-20)). Let o = 2 - x. Suppose o = 4*r + 37 - 213. Calculate the highest common factor of 22 and r.
22
Suppose 3*y + 7*f - 170 = 2*f, -4*f + 292 = 5*y. Let p = y + -51. What is the greatest common divisor of p and 12?
3
Let x(z) = -z**2 + 12*z + 15. Let o be x(0). Calculate the greatest common divisor of o and 645.
15
Let l = 30 - 47. Let o(y) = -4*y - 38. Let b(i) = -3*i - 39. Let u(d) = -3*b(d) + 2*o(d). Let x be u(l). What is the highest common divisor of 3 and x?
3
Suppose -9*m + 803 = 407. What is the greatest common divisor of 198 and m?
22
Let k be 1/(((-15)/(-27))/5). Suppose -11*g + k*g = -30. Calculate the highest common factor of g and 15.
15
Suppose 0 = -2*u + 2*q - 12, 4*q - 2*q - 27 = 5*u. Let a be 7 + u*3/(-5). Calculate the highest common factor of 40 and a.
10
Let j = -6 - -12. Suppose -203*o - 37 = -228*o + 63. Calculate the greatest common divisor of j and o.
2
Let k(t) = t**3 + 4*t**2 - 7*t - 3. Let a be k(-5). Suppose -3*q + a*q = 216. What is the highest common factor of q and 135?
27
Suppose u = 5*k - 4*k + 7, -7 = -5*u - 2*k. Suppose 252 = -f + u*f. Let i be (24/14)/(6/f). What is the highest common divisor of 4 and i?
4
Let i(t) = -4*t**2 - 6*t + 3. Let d be i(-3). Suppose 4 = 3*j - g - g, -5*g - 31 = 3*j. Let p be (j/3)/(5/d). What is the highest common divisor of p and 16?
2
Let b be (30/4)/(5/10). Let l(d) = -3*d**2 - 21*d - 3. Let g be l(-6). Let o be ((-4)/(-7)*g)/(2/14). Calculate the highest common divisor of b and o.
15
Suppose -1 - 17 = -2*a. Suppose 2*i = a*i - 322. What is the greatest common factor of 276 and i?
46
Let g = 5 + 7. Suppose 4*h + h + 2*w = 26, 4*h - 5*w - 1 = 0. Let k = 34 - h. What is the highest common factor of g and k?
6
Suppose -3*k = -2*k + 15. Let s be 24/15 - 6/k. Suppose s*v - v - 200 = -4*d, -2*v = 4*d - 420. Calculate the highest common divisor of v and 20.
20
Suppose a + 3*k + 68 = 6, 4*k + 122 = -2*a. Let t be (a + -1)*25/(-15). Suppose -5*j + 0*j = -t. Calculate the highest common divisor of j and 20.
20
Let l be -10 + 20 + -15 - -20*14. What is the highest common divisor of 110 and l?
55
Let x be ((-1)/(-2))/((-1)/(-24)). Let b(a) be the first derivative of -3*a**2/2 + 12*a + 8. Let o be b(-16). What is the greatest common divisor of x and o?
12
Let h be (-132)/(-18) - (-1)/(-3). Suppose 3 + 3 = -3*n. Let w be n/h + 1518/21. What is the highest common factor of 18 and w?
18
Let r be 1/(-6)*4 + (-330)/(-9). Suppose 5*d - r = d. Let i = 9 + 0. What is the greatest common divisor of d and i?
9
Suppose 30*r - 6979 = 2141. What is the highest common divisor of r and 38?
38
Suppose -4*u - c + 484 = -5658, 7674 = 5*u + 3*c. Suppose u = -2*l + 6*l. What is the greatest common factor of l and 48?
48
Suppose 5*w - 54 = 6. What is the greatest common factor of 20 and w?
4
Suppose s - 2*g = 47, -3*s + 117 = g - 17. Let b be (-252)/(-5) + 20/(-50). Let w be (76/(-20) + 5)/(4/b). Calculate the greatest common divisor of w and s.
15
Let o(b) = 4*b + 1. Let p be o(2). Let i(j) = j**2 + 2*j + 4. Let g be i(0). Let y be (-4)/g - (3 - 5). Calculate the greatest common factor of y and p.
1
Let q be 16/(-10)*(-16205)/926. Let l(v) = 2*v - 2*v + 42*v**2. Let m be l(-1). Calculate the greatest common factor of q and m.
14
Suppose 2*y = 3*y + 3*g, 3*y = -g. Let c be y/(2 + 2) - -2. Suppose -2*n + 4*b = -20, 3*b - 2*b = -c*n. Calculate the greatest common divisor of n and 22.
2
Suppose 0 = 5*s - 3*s + 3*x - 89, -4*s = 3*x - 175. Calculate the greatest common divisor of 215 and s.
43
Let t = 87 - 25. What is the highest common factor of t and 682?
62
Suppose -5*f - 1 = 14, 4*f = 4*r + 36. Let v(z) = -z + 10. Let n be v(r). What is the greatest common factor of n and 2?
2
Let k(r) = -10 + 1 - 33*r - 2. Let b be k(-8). What is the highest common divisor of 23 and b?
23
Let q be (-2 - -7) + 4 - (3 + -4). What is the greatest common divisor of 180 and q?
10
Let l(k) be the first derivative of k**3 - 45*k**2/2 + 14*k + 5. Let o be l(15). What is the highest common factor of 7 and o?
7
Let q be 5 + -1 + (0 - 1). Suppose -u + 5*n + 369 = -102, -q*u + 4*n + 1446 = 0. Calculate the highest common divisor of u and 54.
54
Let l(q) = -q**3 - 15*q**2 + 1. Let t be l(-14). Let n = -133 - t. What is the greatest common factor of n and 155?
31
Let j be (2079/308)/(6/160). Calculate the greatest common factor of 108 and j.
36
Suppose 7*o - 80 = -2*q + 5*o, q - 4*o = 35. Calculate the highest common factor of q and 130.
13
Let s = -18 + 15. Let p be 28 - (1 + s)/2. Let z = -15 + p. What is the greatest common factor of 98 and z?
14
Let x = 5 - -14. What is the highest common divisor of x and 437?
19
Let r be (-231 + 15)*(-2)/4. What is the highest common factor of 192 and r?
12
Let j(q) = -2*q**3 - 4*q**2 + 4*q + 4. Let p be 2 + (-2 - -3)*4. Let h be (-20)/p*(-42)/(-35). Let g be j(h). What is the highest common divisor of 26 and g?
26
Let k be 3/33 - 426/(-33). Let h be (-6281)/(-44) + 1/4. Calculat